{"id":807,"date":"2019-04-14T23:55:33","date_gmt":"2019-04-14T21:55:33","guid":{"rendered":"http:\/\/www.severka.online\/?page_id=807"},"modified":"2021-02-08T00:14:48","modified_gmt":"2021-02-07T23:14:48","slug":"archiv","status":"publish","type":"page","link":"https:\/\/www.severka.online\/index.php\/archiv\/","title":{"rendered":"Arch\u00edv"},"content":{"rendered":"<p>Arch\u00edv odkazuje na p\u00f4vodn\u00fd web Severky na adrese <a href=\"http:\/\/severka.nfo.sk\" target=\"_blank\" rel=\"noopener noreferrer\">severka.nfo.sk<\/a><br \/>\nKv\u00f4li technick\u00fdm probl\u00e9mom bohu\u017eia\u013e nefunguje diakritika a preto s\u00fa texty hor\u0161ie \u010ditate\u013en\u00e9, na odstr\u00e1nen\u00ed ch\u00fdb pracujeme.<\/p>\n<p>Niektor\u00e9 podstatn\u00e9 \u010dl\u00e1nky budeme postupne &#8222;recyklova\u0165&#8220; a s minim\u00e1lnymi \u00fapravami (opravou evidentnc\u00fd ch\u00fdb) uverej\u0148ova\u0165 na tejto str\u00e1nke.<\/p>\n<p>Aktu\u00e1lne dop\u013a\u0148ame jednotliv\u00e9 \u010d\u00edsla Severky na stiahnutie <strong><a href=\"http:\/\/www.trampskemuzeum.sk\/index.php\/archiv-casopisu\/\" target=\"_blank\" rel=\"noopener noreferrer\">na webe trampsk\u00e9ho m\u00fazea<\/a><\/strong>.<\/p>\n","protected":false},"excerpt":{"rendered":"<p>Arch\u00edv odkazuje na p\u00f4vodn\u00fd web Severky na adrese severka.nfo.sk Kv\u00f4li technick\u00fdm probl\u00e9mom bohu\u017eia\u013e nefunguje diakritika a preto s\u00fa texty hor\u0161ie \u010ditate\u013en\u00e9, na odstr\u00e1nen\u00ed ch\u00fdb pracujeme. Niektor\u00e9 podstatn\u00e9 \u010dl\u00e1nky budeme postupne &#8222;recyklova\u0165&#8220; a s minim\u00e1lnymi \u00fapravami (opravou evidentnc\u00fd ch\u00fdb) uverej\u0148ova\u0165 na tejto str\u00e1nke. Aktu\u00e1lne dop\u013a\u0148ame jednotliv\u00e9 \u010d\u00edsla Severky na stiahnutie na webe trampsk\u00e9ho m\u00fazea.<\/p>\n<p> <a class=\"continue-reading-link\" href=\"https:\/\/www.severka.online\/index.php\/archiv\/\"><span>Pokra\u010dovanie \u010dl\u00e1nku<\/span><i class=\"crycon-right-dir\"><\/i><\/a> <\/p>\n","protected":false},"author":1,"featured_media":0,"parent":0,"menu_order":0,"comment_status":"closed","ping_status":"closed","template":"","meta":{"footnotes":""},"class_list":["post-807","page","type-page","status-publish","hentry"],"_links":{"self":[{"href":"https:\/\/www.severka.online\/index.php\/wp-json\/wp\/v2\/pages\/807","targetHints":{"allow":["GET"]}}],"collection":[{"href":"https:\/\/www.severka.online\/index.php\/wp-json\/wp\/v2\/pages"}],"about":[{"href":"https:\/\/www.severka.online\/index.php\/wp-json\/wp\/v2\/types\/page"}],"author":[{"embeddable":true,"href":"https:\/\/www.severka.online\/index.php\/wp-json\/wp\/v2\/users\/1"}],"replies":[{"embeddable":true,"href":"https:\/\/www.severka.online\/index.php\/wp-json\/wp\/v2\/comments?post=807"}],"version-history":[{"count":6,"href":"https:\/\/www.severka.online\/index.php\/wp-json\/wp\/v2\/pages\/807\/revisions"}],"predecessor-version":[{"id":5327,"href":"https:\/\/www.severka.online\/index.php\/wp-json\/wp\/v2\/pages\/807\/revisions\/5327"}],"wp:attachment":[{"href":"https:\/\/www.severka.online\/index.php\/wp-json\/wp\/v2\/media?parent=807"}],"curies":[{"name":"wp","href":"https:\/\/api.w.org\/{rel}","templated":true}]}}